881, -5*i = 3*q - 502 - 389. Let x = i - -208. What is the units digit of x?
5
Let v(x) = x**2 + 8*x + 5. Suppose -5*f - f - 48 = 0. Let g be v(f). What is the tens digit of (-344)/(-10) - 2/g?
3
Let t(r) = -r + 6. Let y be t(-5). Suppose -y*d + 29*d = 6300. What is the tens digit of d?
5
Suppose -3*w + 57 + 27 = 0. Let p(v) be the second derivative of v**4/12 - 25*v**3/6 + 8*v**2 + 19*v. What is the units digit of p(w)?
0
Let w(j) be the third derivative of -7*j**6/60 - j**5/30 - 17*j**4/12 + j**3/3 + 9*j**2 + 7*j. What is the tens digit of w(-5)?
7
Let g(j) = 2*j**2 - 47*j + 26. Let h be g(23). What is the hundreds digit of 454/h - (-52)/(-39)?
1
Let k be (-105 + 3)/(15/1720*-4). Suppose -2*v = -5*l + l - k, 2*v + 4*l - 2892 = 0. What is the hundreds digit of v?
4
Suppose 0 = -25*v + 152431 + 161147 + 270822. What is the thousands digit of v?
3
Let v(l) = l**3 - 16*l**2 + 26*l - 12. Let k be v(11). Let j = k - -682. What is the units digit of j?
1
Let v be (-57)/152 + (-1941)/8. Let k = v - -1856. What is the tens digit of k?
1
Let r(v) = 2*v**2 + 28*v. Let c be r(-14). Suppose -18*q + 2435 + 10903 = c. What is the units digit of q?
1
Let g(w) = 4*w**2 + 6*w + 4. Suppose 3*d + 3*d - 462 = 0. Let o = -71 + d. What is the tens digit of g(o)?
8
Suppose -4*i = -t - 15106, -t + 18887 = 5*i - 0*t. What is the hundreds digit of i?
7
Suppose -3*g + 4*c = 7*c - 3063, 3*c + 2032 = 2*g. Let n = g + -549. What is the hundreds digit of n?
4
Suppose 0 = -14*b + 17*b - 834. Suppose 3*x = 127 + b. Let k = x - 59. What is the tens digit of k?
7
Suppose p - 212 = 3*g, 50 = 2*g + 3*p + 173. Let r = g - -94. Suppose -2*w + w + r = 0. What is the units digit of w?
5
Let w be (-1)/(54/(-26) + 2). Suppose -w*z = -8*z - 25. What is the tens digit of (-5)/z*(-198)/3?
6
What is the units digit of (-18690)/(((-30)/(-60))/((-1)/2))?
0
Let g = 207 - 334. Let r = 86 - g. What is the units digit of r?
3
What is the hundreds digit of 2/(-17) - (-63501)/(-17)*2/(-6)?
2
Let g = -86 - -48. Let z = -34 - g. What is the units digit of (-5 - -6)/(z/172)?
3
Let d be 6*(2 + 1 - 2) - 1. Let f(a) = 9*a**3 + 10*a**2 - 11*a + 1. What is the tens digit of f(d)?
2
Let t(h) = -h**3 + 2*h**2 - h + 667. Let k = -77 - -77. What is the units digit of t(k)?
7
Suppose 5*g + 3*l = 142892, 434*g - 2*l - 57144 = 432*g. What is the thousands digit of g?
8
Let o be (-1)/(-3 - (-364)/120). What is the hundreds digit of o/5 - -155 - -4?
1
Suppose -91*t - 251732 = -61*t - 77*t. What is the units digit of t?
6
Let c be 1394/3*(4 + 0 + -1). Let n = -968 + c. What is the units digit of n?
6
Suppose 3*b + 6 + 6 = 0. Let t(k) = k**2 + 28*k + 8. Let n(q) = 15*q + 5. Let f(m) = -7*n(m) + 4*t(m). What is the units digit of f(b)?
3
Let a = 243 + -249. Let r(k) be the first derivative of 4*k**3/3 + 9*k**2/2 - 3. What is the units digit of r(a)?
0
Suppose 11*m = 47 - 25. Suppose 3*a + 3 = m*a, a - 314 = -k. What is the units digit of k?
7
Let c = -63 - 117. Let f be c - -1*(-4)/2. What is the units digit of (-1 + f)*18/(-54)?
1
Suppose -7*t + 2*t - 30 = 3*z, -t = -3*z - 12. Let g be (-2)/t + 6/27*-3. Suppose -2*c = -4*i + 212, -5*c + 10 = -g*c. What is the units digit of i?
4
Let n(z) = -342*z + 2298. What is the thousands digit of n(-75)?
7
Let m = 70453 - 30036. What is the ten thousands digit of m?
4
Let d = -8609 + 29987. What is the ten thousands digit of d?
2
Suppose 18*i + 20676 - 135894 = 0. What is the units digit of i?
1
Let v(j) = 5*j**2 + j - 2. Let u be v(-3). Suppose 0 = u*q - 19936 - 4784. What is the hundreds digit of q?
6
Let o be 4 + -3 + 2/2. Let w = -21 + 21. What is the tens digit of 1*(w - -30) - o?
2
Let d = -55 - -57. Let f be (-29940)/(-132) - d/(-11). Suppose 0 = 3*m - f - 157. What is the tens digit of m?
2
Let i = -10887 + 22660. What is the units digit of i?
3
Let c(g) = -g**3 + 7*g**2 - 14*g + 8. Let n be c(3). Suppose 21*x + 3764 = 25*x + n*l, -l = 4*x - 3768. What is the tens digit of x?
4
Suppose -l = 3*j - 3248, 9*l + 1087 = j + 5*l. Suppose 18*f - 2146 = -2*o + 15*f, 0 = -o + f + j. What is the units digit of o?
9
Suppose a + 0*a = 4*k + 22, 3*a - 34 = 4*k. What is the tens digit of -17*(a - 3)*-1?
5
Let r = 6211 - 4081. Suppose -25*s + r = -19*s. What is the hundreds digit of s?
3
Suppose -16*n + 57798 + 8074 = 9360. What is the units digit of n?
2
Let n(h) be the second derivative of 19*h**3/6 + h. Suppose -322*r - 9 = -325*r. What is the tens digit of n(r)?
5
Let j be ((-32)/(-24))/((-3)/(-9)). Let n be (6/(-5))/(-2 - 40/(-25)). Suppose -3*r - 6 = -3*l - 6*r, -j*l - 5*r + n = 0. What is the units digit of l?
7
Let o = 35599 - -4095. What is the ten thousands digit of o?
3
Let g(r) = 3 + 7 - 24 - 29 + 115*r. What is the tens digit of g(2)?
8
Suppose -j - 4 = -4*t - 2, -6 = 2*t + 3*j. Suppose t = 5*k - 29 + 9. Suppose k*x = 4 + 140. What is the units digit of x?
6
Let d = -29 + 139. Suppose d = 10*z - 90. What is the tens digit of z?
2
Let r = 2 + -1. Let m be ((-200)/12 - (-4 + 1))*9. What is the units digit of (-3)/(-6)*(r - m)?
2
Suppose -3*p + 8823 = 489. Suppose 9*m = 11*m - p. What is the thousands digit of m?
1
Let o be 57/(1425/(-50)) - 7/((-1)/1). Let m = 9 - 6. Suppose -1254 + 204 = -o*w - 5*h, m*h = 12. What is the tens digit of w?
0
Let x(z) = 2272*z + 3146. What is the units digit of x(14)?
4
Suppose -5*d + 268 = 2*l - 7420, 0 = 5*d + 3*l - 7687. Let w = d - -272. What is the thousands digit of w?
1
Suppose -7 = 2*o - 4*o + a, 0 = 3*o + 4*a - 5. Suppose 7*g - 3*g = 3*t - 581, -o*g = -5*t + 950. What is the tens digit of t?
8
Let r(z) = z**3 + 25*z**2 + 27*z + 17. Let u be r(-24). Let k = 2 - u. What is the units digit of k?
7
Suppose -2*g + 2677 = 125. Let s(z) = 3*z**2 - z + 2. Let y be s(1). Suppose 7*a + y*a = g. What is the hundreds digit of a?
1
Let y(n) = -5*n - 15. Let o(f) = f**3 - 15*f**2 - f + 9. Let b be o(15). Let a be y(b). Let c(v) = v**3 - 15*v**2 + 3*v + 17. What is the units digit of c(a)?
2
Let z = 25 - 0. What is the hundreds digit of z/(-75) - 1/((-3)/1567)?
5
Suppose -3*r - 3*u + 13173 = 0, 2*u - 7568 = 4*r - 25126. What is the tens digit of r?
9
Suppose 4*t + 16 = 0, -3*y + 122509 = 299*t - 297*t. What is the thousands digit of y?
0
Let p = 162 - -82. What is the units digit of 61/p + 235/4?
9
Let n = 89 - 82. Suppose -n*d = -11*d + 40. Suppose -7*u + 428 = 4*y - 3*u, d = 5*u. What is the hundreds digit of y?
1
Let l(r) = 147*r + 26. Let o be l(-2). Let j = o + 532. What is the hundreds digit of j?
2
Suppose 3*q - 32063 = -5*k, 0 = -q + 170*k - 168*k + 10662. What is the units digit of q?
6
Suppose -6*j + 3*j + 28 = -4*x, 5*x = -5*j + 105. Suppose p - j*p = -2730. Let o = -107 + p. What is the tens digit of o?
7
Let n = -8877 + 15053. What is the units digit of -3 + 325/117 + n/9?
6
Let u be 16 - 11214/98 - (-4)/(-7). What is the units digit of 6*(-3)/u - (-32200)/44?
2
Let g(d) = 12*d + 39. Let h(j) = 1. Let o(m) = -g(m) + 4*h(m). Suppose 4*l + 0*l + 28 = 0. What is the tens digit of o(l)?
4
Let g be ((-14)/(-4) - 1) + 19/(-38). Suppose s - 1032 = -g*p, -s + 0*p - 3*p = -1034. What is the units digit of s?
8
Suppose 4*b - 155*j = -151*j + 33648, -2*j = 5*b - 42074. What is the hundreds digit of b?
4
What is the hundreds digit of ((-528)/(-165))/(622/310 + -2)?
4
What is the ten thousands digit of (-4)/(-126) - 21123476/(-1449)?
1
Suppose 4*b = 14 + 6. Let h(c) = 7*c - 73 + 3*c + 43 - b*c**2 - 2*c**3 + 5*c**3. What is the hundreds digit of h(4)?
1
Let v(s) = s**2 + 26*s + 7. Let n be v(-14). Let m = n + 229. What is the tens digit of m?
6
Let r(g) = -300*g - 42. Let h be r(-6). Suppose u - 3*n - 443 = 0, 2*n - h = -10*u + 6*u. What is the hundreds digit of u?
4
Suppose -5*z - 1095 = 5*h, z + 7*h = 2*h - 211. Let w = -967 - -610. Let s = z - w. What is the hundreds digit of s?
1
Let r = 73053 - 35663. What is the tens digit of r?
9
Let o(s) = s**3 + 29*s**2 - s - 31. Let q be o(-29). Let w(x) = 0 + x**2 + 6 - 21*x**3 - 3*x**2. What is the hundreds digit of w(q)?
1
Suppose 56*a - 451583 = -73079. What is the thousands digit of a?
6
Suppose 0 = -4*p + 12, 0 = 2*g - 2*p + 38 - 16. Let d(v) = 4*v**2 - 3*v + 6. What is the hundreds digit of d(g)?
2
Suppose 98*d = 42*d + 474267 + 810205. What is the units digit of d?
7
Let s(x) = -4 - 8*x**2 - 